22e
In base 13, what is 305 + -3?
302
In base 14, what is -5 + 146?
141
In base 14, what is 94 - 1?
93
In base 6, what is 110 + -25?
41
In base 7, what is -5 - -4342?
4334
In base 11, what is 6a + -32?
38
In base 11, what is -1007 + -3?
-100a
In base 11, what is 972 + 5?
977
In base 5, what is -3 - 134?
-142
In base 5, what is -4 + -31?
-40
In base 14, what is 4 - 3db?
-3d7
In base 3, what is 21 - -11?
102
In base 13, what is -134 - b?
-142
In base 15, what is 71d - 5?
718
In base 3, what is -11 - 1011?
-1022
In base 14, what is 2 + -73?
-71
In base 9, what is 5 + 41?
46
In base 10, what is -1121 + 3?
-1118
In base 16, what is 116 - -4?
11a
In base 9, what is -6 + -3?
-10
In base 14, what is -37 - 3?
-3a
In base 13, what is 48a - -8?
495
In base 12, what is 5 - 12a?
-125
In base 15, what is b1 - -2?
b3
In base 5, what is 101 - 4?
42
In base 16, what is 9 + 59?
62
In base 12, what is -34a - 0?
-34a
In base 8, what is 5 + -31?
-24
In base 12, what is -1299 - 3?
-12a0
In base 10, what is 22 + 104?
126
In base 13, what is 1 + 6?
7
In base 8, what is 277 + -51?
226
In base 5, what is 1 + -201?
-200
In base 12, what is -7 - -991?
986
In base 12, what is -58 - -1?
-57
In base 11, what is 1 + 11?
12
In base 4, what is -33211 - -11?
-33200
In base 10, what is -5 - -439?
434
In base 13, what is 1 - -1c2?
1c3
In base 2, what is 11 + 0?
11
In base 3, what is -10 + -1020221?
-1021001
In base 12, what is 17 - -13?
2a
In base 6, what is -140543 - 2?
-140545
In base 14, what is 37c - -5?
383
In base 9, what is -38 - -4?
-34
In base 11, what is 19a + 0?
19a
In base 6, what is 14025 + -10?
14015
In base 14, what is -25 - -4?
-21
In base 12, what is 5 + a85?
a8a
In base 4, what is -2200 - 101?
-2301
In base 4, what is -2102 + -1201?
-3303
In base 11, what is 918 - 4?
914
In base 14, what is -2 + -287?
-289
In base 2, what is -111100000110 + -110?
-111100001100
In base 7, what is 0 - 2013?
-2013
In base 16, what is 1e + 22d?
24b
In base 9, what is -5 + 50?
44
In base 12, what is -12 + 23?
11
In base 3, what is -11 - 1011102?
-1011120
In base 11, what is -4 + 2a8?
2a4
In base 15, what is 108 + 0?
108
In base 6, what is 0 - -1300?
1300
In base 9, what is -5 - -611?
605
In base 2, what is -1001111 - -1001011?
-100
In base 7, what is -4 - 116?
-123
In base 8, what is -6 + 61?
53
In base 6, what is 4 - -512?
520
In base 12, what is 3 - 42?
-3b
In base 15, what is -1 - 879?
-87a
In base 7, what is -54 - 23?
-110
In base 4, what is 10 + 10101?
10111
In base 11, what is -2 - -76?
74
In base 14, what is -316 + -4?
-31a
In base 15, what is -17 - -9?
-d
In base 7, what is -6 + 1445?
1436
In base 9, what is -1 - -6075?
6074
In base 16, what is e + -27?
-19
In base 15, what is d - 244?
-236
In base 6, what is -52 + -3?
-55
In base 7, what is 151 + -51?
100
In base 10, what is -4 - 36?
-40
In base 15, what is 5467 - -4?
546b
In base 7, what is -5 - 2355?
-2363
In base 16, what is 2 + -8e?
-8c
In base 15, what is 2cc + 4?
2d1
In base 15, what is -7 + 0?
-7
In base 9, what is 5 - -257?
263
In base 11, what is 2 + 81?
83
In base 2, what is 11 + -101110?
-101011
In base 8, what is -4 - 177?
-203
In base 10, what is 395 - -2?
397
In base 11, what is 65 - 0?
65
In base 8, what is 1 - -4513?
4514
In base 13, what is 15 - -6?
1b
In base 8, what is -2 - -10775?
10773
In base 12, what is 152 - 22?
130
In base 4, what is -2 + -11000?
-11002
In base 6, what is -23 - 3241?
-3304
In base 14, what is -4171 - 0?
-4171
In base 3, what is -2 + 110022?
110020
In base 12, what is 9 - -41?
4a
In base 8, what is 50657 + 2?
50661
In base 16, what is 1af + -4?
1ab
In base 10, what is 6 + -18?
-12
In base 10, what is 7 + -35?
-28
In base 14, what is 3 + 4c3?
4c6
In base 4, what is -30322 - -1?
-30321
In base 8, what is 1755 - -3?
1760
In base 3, what is -120 - 2120?
-10010
In base 15, what is -5 - e0?
-e5
In base 7, what is 5 - 15?
-10
In base 16, what is 5 - 327?
-322
In base 14, what is 5 - 655?
-650
In base 2, what is -101000111 + 101001?
-100011110
In base 15, what is 4 + -761?
-75c
In base 4, what is 313 + 231?
1210
In base 5, what is -2132 - -204?
-1423
In base 14, what is -8 - 98?
-a2
In base 16, what is 35 + -4f?
-1a
In base 10, what is 4 + -328?
-324
In base 8, what is -16 + -224?
-242
In base 4, what is -330 + -3?
-333
In base 6, what is 4 + -124?
-120
In base 8, what is 50 + -306?
-236
In base 3, what is -11 + -11021100?
-11021111
In base 4, what is -11 - -223?
212
In base 14, what is -66 + 4?
-62
In base 11, what is 708 - 5?
703
In base 11, what is 2 + 1118?
111a
In base 14, what is -55b - 0?
-55b
In base 16, what is -3d + -14?
-51
In base 3, what is -110101 + 2?
-110022
In base 5, what is -1 + -2120?
-2121
In base 9, what is 2 - -548?
551
In base 6, what is -2421 + 13?
-2404
In base 5, what is 341 + 10?
401
In base 2, what is -11 + 10000011?
10000000
In base 14, what is -60 + 2?
-5c
In base 11, what is -42 - 4?
-46
In base 2, what is 10 + -1111110?
-1111100
In base 16, what is -5 + -6f?
-74
In base 7, what is 5 - 24?
-16
In base 2, what is -11 - -100101000111?
100101000100
In base 10, what is 5 + 1831?
1836
In base 14, what is -3 + 36?
33
In base 9, what is 13 - 47?
-34
In base 12, what is -5 - 48?
-51
In base 7, what is 5131 + 5?
5136
In base 9, what is 114 + -1?
113
In base 11, what is -5 - -19?
14
In base 10, what is -1373 - -2?
-1371
In base 5, what is -22 - 21?
-43
In base 3, what is 12 + -222202?
-222120
In base 3, what is 10101 + 10121?
20222
In base 12, what is -5 - 135?
-13a
In base 6, what is 42404 - -3?
42411
In base 13, what is -5 + 4c?
47
In base 8, what is 5 - -722?
727
In base 8, what is 23 - 104?
-61
In base 10, what is -13 + -5?
-18
In base 10, what is -51 - 48?
-99
In base 12, what is a44a + 3?
a451
In base 13, what is 2 + -10?
-b
In base 2, what is -100 + -10001011?
-10001111
In base 4, what is 3131201 - -3?
3131210
In base 12, what is -124 + -4?
-128
In base 14, what is -105 + -13?
-118
In base 15, what is 38 + 34?
6c
In base 4, what is -31 - -13023?
12332
In base 14, what is 147 - 19?
12c
In base 15, what is -a + 9e?
94
In base 14, what is 7 + 28?
31
In base 8, what is 14 + -2?
12
In base 5, what is 2222 - 3?
2214
In base 3, what is 221211 + -21?
221120
In base 12, what is -61 + -4?
-65
In base 2, what is 100 + -11111?
-11011
In base 9, what is 1618 - -4?
1623
In base 4, what is -2102100 + 0?
-2102100
In base 14, what is d5 + 80?
175
In base 2, what is 100011010 + 0?
100011010
In base 16, what is 26c + 4?
270
In base 9, what is 11211 + 1?
11212
In base 13, what is -664 - 0?
-664
In base 5, what is 33 + -111?
-23
In base 9, what is -137 + 7?
-130
In base 15, what is 82 + 2?
84
In base 2, what is -101100000010 + -11?
-101100000101
In base 13, what is 4 + -825?
-821
In base 13, what is -69 - -2?
-67
In base 6, what is -1005 - -12?
-553
In base 16, what is 9 - -15?
1e
In base 7, what is -44611 - -1?
-44610
In base 9, what is 78 - -6?
85
In base 3, what is 202 + -1?
201
In base 4, what is -303 - 1022?
-1331
In base 6, what is 3 - -21?
24
In base 9, what is 2 + -52?
-50
In base 10, what is -5 + -3035?
-3040
In base 12, what is 211 - -2?
213
In base 3, what is 1100202 + 20?
1100222
In base 4, what is -1122 + 1?
-1121
In base 13, what is 2 - 8b?
-89
In base 11, what is 17 - -1?
18
In base 10, what is 2 - -6963?
6965
In base 9, what is -2 + -211?
-213
In base 6, what is 213 - -233?
450
In base 11, what is -161 + -3?
-164
In base 10, what is -38 - 60?
-98
In base 16, what is 10e + -1?
10d
In base 7, what is 2 + 1113?
1115
In base 4, what is -10 - -1103?
1033
In base 7, what is -44 - -64?
20
In base 12, what is 3055 + -1?
3054
In base 13, what is -2a15 - 1?
-2a16
In base 9, what is 847 + 13?
861
In base 11, what is -2a - -7?
-23
In base 7, what is 654 - 6?
645
In base 10, what is -332 - -2?
-330
In base 13, what is -8a + -1?
-8b
In base 10, what is 64 - 0?
64
In base 12, what is 61 - -5?
66
In base 5, what is 1 - -30?
31
In base 15, what is 3 + 70?
73
In base 10, what is -3 + 544?
541
In base 11, what is 4 - -147?
150
In base 9, what is 124 - 21?
103
In base 4, what is -2 + -310?
-312
In base 6, what is -410 - -34?
-332
In base 10, what is -1511 + 5?
-1506
In base 9, what is 538 + 10?
548
In base 16, what is -11f4 - 0?
-11f4
In base 9, what is -114 - 4?
-118
In base 5, what